
Suppose -6*z - 2*f = -11*z + 144, 8 = -4*f. What is the remainder when 94 is divided by z?
10
Suppose 5*w - 265 = -5*t, -5*w + 27 + 242 = 3*t. Calculate the remainder when w is divided by (-23)/(-3) + (-2)/(-6).
7
Suppose 0 = 3*c + c + 8. Let b = 229 - 214. What is the remainder when b is divided by (-19)/c - (-2)/(-4)?
6
Let j(g) = 4*g**2 + 7*g + 2. Let i be j(-2). Calculate the remainder when (-3 + 4)/(i/148) is divided by 8.
5
Let w = 881 + -505. What is the remainder when w is divided by 42?
40
Let n(r) = r**3 - 2*r**2 + 3*r + 1. Let o be n(3). Let w = -657 + 655. Let j = w + o. What is the remainder when j is divided by 9?
8
Let u(d) = -29*d - 596. Calculate the remainder when 453 is divided by u(-21).
11
Let k(c) = c - 7. Let x(o) = 14*o + 2. Let j be x(1). What is the remainder when 26 is divided by k(j)?
8
Let q(t) = -7*t - 1. Let x be q(-9). Suppose 2*l - 37 = -w, -5*l + l + 2*w + x = 0. What is the remainder when l is divided by 7?
3
Suppose 2*y - 4*m = -6, 3*y + m = -0*y + 12. Let u be 7/y - 2/6. Suppose 16 = b + u*f, -6*b = -b - 4*f - 108. Calculate the remainder when b is divided by 7.
6
Calculate the remainder when 171 is divided by (-30)/(-12) + 9/6 - -23.
9
Suppose -555 = 6*t - 813. What is the remainder when t is divided by (-2 - -15 - -2)*1?
13
Calculate the remainder when 89 is divided by 10 + 28 - (-56)/(-8).
27
Let y = 66 + -61. Suppose 2*p = p + y*x + 17, -5*p + 4*x = -43. Calculate the remainder when p is divided by 7.
0
Suppose -3*o = 2*v - 21, 2*o = v - 4 - 10. Calculate the remainder when v is divided by 8.
4
Let r(p) = 116*p - 1. What is the remainder when r(4) is divided by 58?
57
Let d(v) = v**2 - 9*v + 7. Let s be d(7). Calculate the remainder when -46*(s/2 - -3) is divided by 6.
5
Suppose 11*p = -12*p + 621. What is the remainder when 94 is divided by p?
13
Let w(n) = n**3 + 7*n**2 + 4*n - 16. Suppose -4*o + 30 = -2*p - 0*p, 15 = -5*p - 2*o. What is the remainder when 39 is divided by w(p)?
11
Suppose -n = 4*l - 163, 163 = -4*n + 5*n + 3*l. What is the remainder when n is divided by 33?
31
Calculate the remainder when 147 is divided by 2/13 - 19649/(-637).
23
Let d = 173 + -63. What is the remainder when d is divided by 56?
54
Suppose -2*t = -o + 140 + 91, -3*o + 701 = -2*t. Let r = o - 102. Calculate the remainder when r is divided by 27.
25
Calculate the remainder when 289 is divided by -12*(-10)/(180/63).
37
Suppose -h = 2*h + 3*f - 12, -h + 3*f = -20. Suppose -40 = -h*c + 3*c. Let y(x) = -x**3 + 7*x**2 + 9*x - 4. What is the remainder when y(c) is divided by 3?
1
Suppose -n - 96 = 4*u, 0 = -u + 3*n + 1 - 38. Suppose -5*o = -0*o - 295. Let m = u + o. Calculate the remainder when m is divided by 9.
7
Suppose 267 = 2*v - 5*y, 5*v - 651 = 27*y - 31*y. Calculate the remainder when v is divided by 27.
23
Let q = -103 - -147. Let s be 4/(-26) - (-24)/(-13). Let v(n) = -8*n - 1. Calculate the remainder when q is divided by v(s).
14
Let d = -728 - -771. Calculate the remainder when 197 is divided by d.
25
Calculate the remainder when 77 is divided by ((-15)/6 - 2)*(-380)/30.
20
Let s = 69 + -41. Let u = s - -1. Suppose -2*w + 492 = 5*h - 77, -5*h + 5*w = -590. Calculate the remainder when h is divided by u.
28
Let n(q) = 125*q - 1. Calculate the remainder when n(3) is divided by 42.
38
Suppose 3*l + 2*p - 131 = 7*p, 0 = 3*l + p - 107. Suppose 4*v - 183 = l. Calculate the remainder when v is divided by 8.
7
Suppose 0 = -d + 16 + 1. Suppose x = -5*w + 128, 4*x + 3*w - d = 461. Let o = -41 + x. Calculate the remainder when o is divided by 20.
17
Let m = 26 - 32. Let a(b) = 6*b - 1. What is the remainder when a(5) is divided by (30/(-4))/(33/m + 5)?
14
Let j(f) = -7*f**3 - 5*f**2 - 24*f - 80. Calculate the remainder when j(-5) is divided by 66.
64
Let q be (0/1)/((-2)/2). Let t be (q - -2)/(4/6). Suppose -6*p + 114 = -p + t*b, -b - 60 = -3*p. What is the remainder when p is divided by 8?
5
Let j(q) = -q**3 + 12*q**2 + 15*q - 23. Let c be j(13). Suppose l + 2*l = 2*f - 75, c*l - 3 = 0. Calculate the remainder when 116 is divided by f.
38
Let h(m) = 3*m**2 + 9*m - 11. Suppose -5*z + 4 = -4*z. Suppose 5*y + z = 39. Calculate the remainder when h(-5) is divided by y.
5
Suppose 5*v = 10*v - 2280. What is the remainder when ((-2)/(-16))/(4/v)*4 is divided by 2 + -2 - (-20)/1?
17
Let l = -141 + 156. Calculate the remainder when 26 is divided by l.
11
Suppose 5*t = 383 - 63. What is the remainder when 119 is divided by t?
55
Let r = -76 + 109. Suppose k - 2*v = -4*k + 110, 3*v = 2*k - r. Suppose 18 = g - k. What is the remainder when g is divided by 11?
9
Let b be 67 - ((-16)/(-4) + -2). Suppose -28*s - b = -23*s. Let j(k) = -2*k + 20. What is the remainder when j(s) is divided by 12?
10
Let k(b) = b**3 + 2*b**2 - 2*b - 2. Suppose 2 = -4*s + 14. Calculate the remainder when k(s) is divided by 19.
18
Let r(t) = -t**2 + 6*t - 2. Let o be r(5). Let m be o*(16/6 - 1). Suppose 15 = 5*w + m. Calculate the remainder when 7 is divided by w.
1
Let z(f) = 3*f**3 + 4*f**2. Let j be (-1)/(((-1)/(-3))/(-1)). Calculate the remainder when z(j) is divided by 40.
37
Let y be 2/(-4) - 207/(-6). Let f be (-8)/(-4 - 0) - 1. Suppose -o = -f + 4, -4*o - y = -i. Calculate the remainder when i is divided by 8.
6
Let o(p) = 27*p**2 - 7*p - 12. Let u be o(-3). Calculate the remainder when 2/21 - (-17868)/u is divided by 19.
14
What is the remainder when 150 is divided by (-52 + 43)*26/(-9)?
20
Let x = 292 + -215. What is the remainder when x is divided by 14?
7
Let r(o) = -o**3 + 8*o**2 - 10*o + 4. Calculate the remainder when 269 is divided by r(2).
5
What is the remainder when 79 is divided by ((-10)/(-6) - -1)*(-27)/(-12)?
1
Suppose -4*c = -3*x - 4, 279*x - c - 8 = 276*x. What is the remainder when 66 is divided by x?
2
Let d(i) = -48*i + 346. Calculate the remainder when 1159 is divided by d(6).
57
Let k be 2 + (-3)/(-3)*52. Let q = -40 + k. Let o = -2 + 10. What is the remainder when q is divided by o?
6
Suppose 15 = h + 4*z + 1, -2*z + 4 = h. Let a(v) = 2*v**2 + 6*v + 9. What is the remainder when a(h) is divided by 16?
13
Let q(k) = -k**3 + 11*k**2 - 2*k + 10. What is the remainder when q(9) is divided by 31?
30
Suppose x - 23 = -0*x + 3*a, -a + 49 = 3*x. Let t(s) = 5*s + 2. Let d be t(3). Let h(k) = k**2 - 16*k - 8. Calculate the remainder when x is divided by h(d).
8
Let j(s) = -55*s**3 - 21*s**2 - s + 6. What is the remainder when j(-2) is divided by 16?
12
Suppose -14*r = -10*r - 20. Suppose r*o = 2*k + 358 + 93, 2*o = 5*k + 172. Calculate the remainder when o is divided by 28.
7
Let h = 60 + -51. What is the remainder when (132/(-9))/(-3 + 21/h) is divided by (-11)/(-2) - (-3)/(-6)?
2
Let q = -898 + 1100. Calculate the remainder when q is divided by 56.
34
Suppose -i - 27 = -3*x, 0 = -4*x - 1 - 3. Let b be (5 - 3) + 0 + i. Calculate the remainder when 2 + 0/(-3) - b is divided by 8.
6
Let u = -39 - -57. Suppose 0 = -5*q - 8 + u. What is the remainder when (-130)/(-11) - 4/(-22) is divided by q?
0
Let w(m) = 14*m**2 + 48*m - 132. Calculate the remainder when w(3) is divided by 44.
6
Let w(d) = d**2 - 8*d - 4. Let f be w(9). Suppose g + f = 0, -4*z + 2*g + 204 = -10. What is the remainder when z is divided by 27?
24
Let s(m) = 10*m**2 + 19*m + 34. What is the remainder when 256 is divided by s(-3)?
55
Let g = 93 - 89. Suppose 0 = 5*c - g*h - 15, -4*c - 4*h + 9 = -39. Calculate the remainder when 40 is divided by c.
5
Let w(x) = -x**2 + 4. Let f be w(-3). Let v be ((-1)/(-2))/(f/(-30)). Let q = 5 + v. Calculate the remainder when 23 is divided by q.
7
Suppose 0 = 4*x - 16, 0 = m - 5*x - 386 - 417. Calculate the remainder when m is divided by 15.
13
Suppose 3*k + 8 - 32 = 0. Suppose 24 + 119 = r. Suppose -104 = -4*m - 5*l, -l = 5*m + 2*l - r. What is the remainder when m is divided by k?
7
Let x = -10 + -2. Let j = x - -26. Suppose -5*z + 16 = -9. What is the remainder when j is divided by z?
4
Calculate the remainder when 177 is divided by -2*94/(-4) - 76/38.
42
Let v = -108 - -1229. What is the remainder when 48 is divided by 2*(-2)/(-24) + v/114?
8
Let k = -217 + 235. What is the remainder when 51 is divided by k?
15
Let v(f) = f**3 + 4*f**2 + 2*f + 28. Calculate the remainder when 2/(-13) + 7578/78 is divided by v(-4).
17
Suppose -2*c + 